z - 10 = -z + x, 5*z + 4*x - 35 = 0. Let s be (-1 + z)/(2/((-8)/(-4))). What is q(s)?
-1
Let u be (4/32)/(-1) - (-219)/24. Let z(y) = y**2 - 7*y - 13. Calculate z(u).
5
Let c(g) = g. Suppose 2*s = -2*s. Let p(q) = -5*q + 1 - q + s*q. Let y(h) = 3*c(h) + p(h). What is y(1)?
-2
Let a(l) = -l + 15. Suppose 2*d = 4*j, 4*d + 4 - 22 = -j. Let i(s) = -s - 4. Let n be i(j). Let t = 1 - n. What is a(t)?
8
Let f = 736 - 732. Let b(r) = 2*r**2 - 4*r - 3. Calculate b(f).
13
Suppose 14 = -5*m + 3*m. Let k(w) = 4*w - 5. Let n(p) = 9*p - 11. Let x(h) = m*k(h) + 3*n(h). Let d be (2 + (-1 - 0))*-7. Calculate x(d).
9
Let o(x) be the first derivative of x**3/3 + 3*x**2 + 4*x + 57. Calculate o(-2).
-4
Suppose 0 = 6*w + w + 28. Let x be (-1)/(1/(-13)) + w. Let p(u) = -u + 8. What is p(x)?
-1
Let l(f) be the first derivative of f**3/3 - 3*f**2/2 - 9*f - 230. Give l(7).
19
Let r(z) be the third derivative of z**4/24 - z**3/2 + z**2 - 42. Let a(h) = -2*h + 5*h - 3 - 5. Let c(k) = 6*a(k) - 17*r(k). Calculate c(-5).
-2
Let w(p) = p**2 - 3*p - 8. Let l be w(5). Let v(g) = 8 + 21 - 18 + 4*g + 4*g - g**l. Calculate v(9).
2
Suppose -4*j - 6 = -14. Let s(c) = 2*c**2 - c**3 + 7 - 2*c**j - 7*c**2. Give s(-7).
7
Let u(q) = q**2 + 5*q - 8. Let y be (20/(-6))/(4/(-6)). Let b = 319 + -317. Suppose -1 = t - j - b*j, 45 = -y*t - 5*j. Give u(t).
6
Let f = 6 - 8. Let n(q) be the second derivative of -13*q - 1/20*q**5 + 0 + 1/6*q**3 - q**2 + 0*q**4. Determine n(f).
4
Let i(o) be the second derivative of o**3/3 + o**2/2 + 2*o. Let k be i(-1). Let b(w) = 2*w**2 - 2. Let c(h) = 1. Let d(r) = k*b(r) - c(r). Determine d(1).
-1
Let m(y) = 7*y - 42. Let l(w) = -2. Let u(f) = 21*l(f) - m(f). Determine u(-1).
7
Let u(h) = -h**2 - h + 37. Let k be (-9)/((-612)/8) - 1694/238. Calculate u(k).
-5
Let a(l) be the second derivative of -l**4/4 - l**3/6 + 10*l. Calculate a(-1).
-2
Suppose 4*y - 5 = 15. Suppose -5*b - g = -2*g - 15, 2*b = -2*g + 6. Suppose -u - y*s + 11 = -0*u, 0 = -b*u - s + 5. Let l(r) = -14*r**3 - r + 1. Determine l(u).
-14
Let b(h) = h. Suppose -3*z - 4 = 2*c - 5, -c + 13 = -z. Let y(i) = i - 4 + 4 - 4. Let g be y(c). Give b(g).
4
Let w(y) = y**2 + 8*y. Let x be 6 + -2 + 9*(-2)/(-2). Suppose -j + 2*d - x = d, j + 3*d = 7. Calculate w(j).
0
Let w(c) = -3*c - 13. Suppose -p + k = 4, -5*k + 2 = 5*p + 42. Give w(p).
5
Let q(k) = -k - 2. Let z = 177 - 170. What is q(z)?
-9
Let j(w) be the second derivative of 0 + 1/12*w**4 + 5/2*w**2 + 3/2*w**3 + 17*w. Determine j(-6).
-13
Suppose 21*b = 22*b. Let n(o) = o**3 + o**2 - 19. Give n(b).
-19
Let l(b) be the first derivative of -1/2*b**2 + 3*b - 13. Determine l(7).
-4
Let z(c) be the first derivative of -c**2 + 9*c + 72. Suppose 4*b - 4 = -0*b, -2*b + 30 = 4*h. Give z(h).
-5
Let l(m) = -m**3 + 12*m**2 - 10*m - 4. Let v be l(11). Suppose r - z - 4 + 5 = 0, -3*z = 2*r + v. Let c = 5 + r. Let d(q) = 3*q - 3. What is d(c)?
6
Let p(o) be the second derivative of -14*o - 1/6*o**4 - 1/3*o**3 + 3/20*o**5 + 0*o**2 + 0. Let s(i) = -i + 7. Let v be s(5). Calculate p(v).
12
Let i(v) = -10*v - 3. Suppose 38*p + 252 = -25*p. Determine i(p).
37
Let j(l) be the first derivative of -l**2 + 12*l - 191. Calculate j(12).
-12
Let o(s) = -s**2 - 6*s. Let c(v) = 7*v**2 - 12*v + 1. Let d(l) = 3*l**2 - 6*l. Let x(f) = 2*c(f) - 5*d(f). Let k be x(7). Give o(k).
5
Let n = 43 - 52. Let x(m) = -m**3 - 10*m**2 - 13*m - 6. Determine x(n).
30
Let k(l) = -296*l**2 - 3*l - 6*l + 97*l**2 + 99*l**2 + 1 + 104*l**2. What is k(4)?
29
Let r be (-3 - 1)*8/(-16). Suppose r*s - 3*s + 2 = 0. Let l(z) = -3*z + 0*z + 2*z**s - z + 3. What is l(2)?
3
Suppose 2*r = -15*r. Let c(z) be the third derivative of 0 + 1/24*z**4 + 0*z + 5/2*z**3 - 3*z**2. Determine c(r).
15
Let w(x) = 735*x + 5*x**2 + 5 + 740*x - 1478*x. Calculate w(4).
73
Suppose -57*r = -51*r - 12. Let d(f) = f**3 - 3*f**2 + 6*f - 2. Give d(r).
6
Let o = -251 - -251. Let b(l) = l**3 + l**2 + l + 57. Give b(o).
57
Let i(z) = -2*z**2 - 3*z - 1. Let a = -494 + 491. What is i(a)?
-10
Suppose -c - 26 = 5*m, 0*m + 2*c = -4*m - 16. Let k(s) = -s**3 - 5*s**2 + 11*s + 26. Let r be k(m). Let y(a) = a**2 + a + 2. Calculate y(r).
14
Let b = -864 + 866. Let p(c) = -2*c + 2. Calculate p(b).
-2
Let j(b) = b**2 + 6*b + 6. Suppose -y - 2 = -5*u, 4*u + 2 = 2*y - 0*u. Suppose -y*p - 2*p - 25 = 0. Determine j(p).
1
Let g(q) be the first derivative of -11*q**2/2 - 3*q - 6. Let t(m) = 10*m + 2. Let j(z) = -3*g(z) - 4*t(z). What is j(-1)?
8
Suppose -2*c + 8 = 2*c. Suppose 0 = c*h - 5*h + 18. Let u(j) = -j - 2. What is u(h)?
-8
Let j(r) = 14*r**2 + 4*r - 1. Let i(c) = 27*c**2 + 8*c - 1. Let y(g) = 2*i(g) - 5*j(g). Let d(f) = 15*f**2 + 5*f - 4. Let l(h) = 3*d(h) + 4*y(h). What is l(1)?
-20
Let p = 158 - 162. Let k be 0 + 2/(p + 3). Let h(t) = t**2 + 2*t + 4 + 0*t**2 - 1. Calculate h(k).
3
Suppose g + 3 = 2*l, g - 13 = -51*l + 49*l. Let s(t) = -t. What is s(l)?
-4
Let w = 4 + -4. Let l(u) = u + 0 + w*u - 4. Let b = 126 + -120. What is l(b)?
2
Let w be ((-1)/(-1))/(3/6). Let m(n) = n**2 + 0*n**2 + 9*n - 3 + 0*n**w - 2*n**2. Determine m(7).
11
Let k(o) = -o**2 + 2*o + 1. Let i be (-2)/(-14) + (-552)/(-56). Suppose -3*a - 4 = -i. Determine k(a).
1
Let o = 4 + -2. Suppose -o*x = -6*x. Let q(w) = x*w + 2*w - w. Calculate q(-1).
-1
Let k be (-212)/(-18) + (-22)/(-99). Suppose 3*l = k - 3. Suppose -2 = -l*m + 13. Let j(t) = t**3 - 6*t**2 + 5*t - 3. Give j(m).
-3
Let y be 9/6 - (-154)/28. Let l(g) be the first derivative of -6*g - 3/2*g**2 + y. What is l(-5)?
9
Let s = 58 - 56. Let n(m) = -s*m + 22 - m - 41 + 21 + 2*m**2. Give n(2).
4
Let c(t) = -4*t + 4*t - t + 4. Let a be (1 - 6)/(1/(5 + -4)). Give c(a).
9
Let n(p) be the first derivative of -p**3/3 + 5*p - 14. Determine n(2).
1
Suppose -8*o + 696 = 720. Let y(h) = 5*h + 9. What is y(o)?
-6
Let y(i) = 2*i**2 + 3*i + 3. Suppose f - 44 + 168 = -5*b, b + 40 = -4*f. Let t = b + 22. Let q be -1*2 + t + 1. What is y(q)?
12
Suppose -5 = 3*o + 1. Let w(q) = q - 3. Let t(p) = 3*p - 5. Let u(a) = o*t(a) + 5*w(a). Determine u(-4).
-1
Let u(c) be the second derivative of -c**4/12 - c**3/6 + 7*c**2/2 + 2*c - 3. Calculate u(7).
-49
Let s(v) = v**2 + 4*v - 14. Let d(b) = 2*b**2 + 9*b - 27. Let c(r) = -6*d(r) + 11*s(r). Calculate c(-10).
8
Let s be 9/((-3)/1) - -5. Suppose -s*a = -32 + 24. Let r(m) = a*m**2 + 0*m**2 - 2 - 2*m**3 + m**3. Determine r(3).
7
Let r(t) = t - 1. Let f = 60 + -62. Let l be ((-8)/(160/(-15)))/(f/16). Give r(l).
-7
Let g(s) = 9*s**3 + 12*s**2 + 5*s - 7. Let o(z) = 4*z**3 + 6*z**2 + 2*z - 4. Let h(p) = 3*g(p) - 7*o(p). Let l be 74/(-12) - 35/(-210). Determine h(l).
1
Let p(z) be the first derivative of z**4/24 + 4*z**3/3 - 6*z**2 + 9. Let x(d) be the second derivative of p(d). Determine x(-6).
2
Let o(w) = w**3 - 8*w**2 + 2*w - 11. Let v be o(8). Suppose 2*y - 2*g + 25 = -g, 2*g = -v*y - 58. Let t = y + 6. Let p(a) = -a**2 - 7*a - 8. Give p(t).
-2
Let l(z) = 2*z + 5. Let c(m) = -3*m - 1. Suppose -7*x - 4 = -3*x. Let f be c(x). Let p = -3 - f. What is l(p)?
-5
Let a(q) = q**3 + 5*q**2 - 6*q + 6. Let r be ((-4)/3)/(3/(-9)). Let h = r + -10. Give a(h).
6
Let l = -26 - -28. Let v be (-11)/((-11)/2) + l*2. Let j(m) = m + 1. Determine j(v).
7
Let v = -1 - -3. Suppose 0 = -4*y - 2 + 10. Let j(i) = i**v - 3*i + i**2 + 0*i**2 + y. What is j(2)?
4
Suppose -2*y - 5*u + 6*u = -9, -2*y - 5*u - 21 = 0. Let i(h) = -2 + 7 - 6*h**y + h + 5*h**2. What is i(0)?
5
Let z(f) = f - 17. Let h be z(-16). Let k be 6/h - (-150)/(-22). Let w(m) = m**3 + 7*m**2 - 2*m - 9. Give w(k).
5
Let p(h) = -h**3 - 2*h**2 + 2*h + 1. Let r(j) = 2*j**2 + 7*j + 9. Let u be r(-3). Suppose -c + 3 = u. What is p(c)?
4
Suppose 10 + 2 = 4*i. Suppose 0*c = c - i. Let x(f) = 4*f + 8 - f**3 - c*f**2 - 3 + 0*f**2. Determine x(-4).
5
Let i(b) be the first derivative of -b**2/2 + 2*b - 1. Suppose 0 = 2*w + 2*w - 4*r, 2*w - 4*r = 0. What is i(w)?
2
Let g(m) = -9 + 7 + 189*m - 190*m. Suppose 0 = -v - 3*z + 1, -4*v + 2*v = z + 8. What is g(v)?
3
Let r(o) = 3*o + 29 - 73 + 31. What is r(7)?
8
Let t = 68 - 22. Let m = t + -16. Let p = -24 + m. Let d(c) = -c + 10. Calculate d(p).
4
Let y(c) = -2*c**2 + c - 1. Let r be y(2). Let s(o) = -o**2 - 4*o + 5. Determine s(r).
-16
Let a(p) be the second derivative of -p**4/12 + p**3/6 + p**2 - 10*p. Let g be ((-160)/(-